{"id":69,"date":"2022-09-05T12:49:05","date_gmt":"2022-09-05T12:49:05","guid":{"rendered":"https:\/\/secgen.usac.edu.gt\/?page_id=69"},"modified":"2023-06-08T19:01:10","modified_gmt":"2023-06-08T19:01:10","slug":"directorio","status":"publish","type":"page","link":"https:\/\/secretariageneral.usac.edu.gt\/index.php\/directorio\/","title":{"rendered":"Directorio"},"content":{"rendered":"\n<p><strong>Abogado Luis Fernando Cord\u00f3n Lucero<\/strong> . Secretario General<\/p>\n\n\n\n<p><strong>Abogada Enma Lucia Marroquin Barrera.<\/strong> Asistente Ejecutivo De Secretar\u00eda General<\/p>\n\n\n\n<p><strong>Abogada Grethel Steffi Mohr Montanico. <\/strong>Asistente Ejecutivo De Secretar\u00eda General<\/p>\n\n\n\n<p><strong>Lic. Luis Felipe Herrera Ju\u00e1rez.<\/strong>  Asistente Ejecutivo De Secretar\u00eda General<\/p>\n\n\n\n<p><strong>Grethel Paola Vald\u00e9s Orego.<\/strong> Asistente De Procesos Administrativos Para La Secretaria General<\/p>\n\n\n\n<p><strong>Maria del Carmen Roldan Hern\u00e1ndez.<\/strong> Auxiliar T\u00e9cnico Administrativo<\/p>\n\n\n\n<p><strong>Maria Elena Hentze Hern\u00e1ndez.<\/strong> Secretaria III<\/p>\n\n\n\n<p><strong>Silvia Lucrecia N\u00e1jera Avenda\u00f1o.<\/strong> Secretaria II<\/p>\n\n\n\n<p><strong>Joselin Michel L\u00f3pez Sical.<\/strong> Secretaria I<\/p>\n\n\n\n<p><strong>Nancy Edilma Estrada L\u00f3pez.<\/strong> Oficinista I<\/p>\n\n\n\n<p><strong>Maria Jos\u00e9 Figueroa G\u00e1lvez.<\/strong> Oficinista I<\/p>\n\n\n\n<p><strong>Gabriela Maribel Ruiz Ramirez.<\/strong> Oficinista I<\/p>\n\n\n\n<p><strong>Alexander Smiley del Cid Loaiza.<\/strong> Notificador De Asuntos Legales Y Administrativos De Secretar\u00eda General<\/p>\n\n\n\n<p><strong>Lester Francisco Hern\u00e1ndez.<\/strong> Notificador De Asuntos Legales Y Administrativos De Secretar\u00eda General<\/p>\n\n\n\n<p><strong>Rodrigo Mendiz\u00e1bal Burastero.<\/strong> Analista Desarrollador de Sistemas Inform\u00e1ticos<\/p>\n","protected":false},"excerpt":{"rendered":"<p>Abogado Luis Fernando Cord\u00f3n Lucero . Secretario General Abogada Enma Lucia Marroquin Barrera. Asistente Ejecutivo De Secretar\u00eda General Abogada Grethel Steffi Mohr Montanico. Asistente Ejecutivo De Secretar\u00eda General Lic. Luis Felipe Herrera Ju\u00e1rez. Asistente Ejecutivo De Secretar\u00eda General Grethel Paola Vald\u00e9s Orego. Asistente De Procesos Administrativos Para La Secretaria General Maria del Carmen Roldan Hern\u00e1ndez. [&hellip;]<\/p>\n","protected":false},"author":2,"featured_media":0,"parent":0,"menu_order":0,"comment_status":"closed","ping_status":"closed","template":"","meta":[],"_links":{"self":[{"href":"https:\/\/secretariageneral.usac.edu.gt\/index.php\/wp-json\/wp\/v2\/pages\/69"}],"collection":[{"href":"https:\/\/secretariageneral.usac.edu.gt\/index.php\/wp-json\/wp\/v2\/pages"}],"about":[{"href":"https:\/\/secretariageneral.usac.edu.gt\/index.php\/wp-json\/wp\/v2\/types\/page"}],"author":[{"embeddable":true,"href":"https:\/\/secretariageneral.usac.edu.gt\/index.php\/wp-json\/wp\/v2\/users\/2"}],"replies":[{"embeddable":true,"href":"https:\/\/secretariageneral.usac.edu.gt\/index.php\/wp-json\/wp\/v2\/comments?post=69"}],"version-history":[{"count":11,"href":"https:\/\/secretariageneral.usac.edu.gt\/index.php\/wp-json\/wp\/v2\/pages\/69\/revisions"}],"predecessor-version":[{"id":132,"href":"https:\/\/secretariageneral.usac.edu.gt\/index.php\/wp-json\/wp\/v2\/pages\/69\/revisions\/132"}],"wp:attachment":[{"href":"https:\/\/secretariageneral.usac.edu.gt\/index.php\/wp-json\/wp\/v2\/media?parent=69"}],"curies":[{"name":"wp","href":"https:\/\/api.w.org\/{rel}","templated":true}]}}